igit of o?
3
Let c = 25 + -19. What is the units digit of c?
6
Suppose -u - 3*u = -20, 3*c + u = 29. Suppose 3*t + 0*t + w = c, -5*w + 16 = 3*t. Suppose 6*g - 24 = t*g. What is the units digit of g?
6
Suppose 166 = 4*f + 2*i, 0 = f + 2*i + 3*i - 28. What is the tens digit of f?
4
Suppose 5*v - 3*n = -5*n + 17, 28 = 4*v - 2*n. Suppose -19 = -h + 4*o, 0 = v*h - h + 3*o. Suppose -h*m = -6 - 3. What is the units digit of m?
3
Suppose 2*v - 40 = -2*x, x - 4*v = -4 + 39. Suppose k - b - x = -10, 3*b = 5*k - 75. What is the tens digit of k?
1
Let r(g) = -4*g + 1. Suppose 0 = -5*v - 4*z - 7, -2*v + 5*z - 22 = 2*v. What is the units digit of r(v)?
3
Let n = -26 + 30. Suppose -4*v + b = -135, 2*v = -2*v + n*b + 132. What is the units digit of v?
4
Suppose -282 = -171*k + 168*k. What is the units digit of k?
4
Suppose -5*b + 9*b = -5*q + 538, 3*b - 6 = 0. What is the units digit of q?
6
Suppose -q + 5 = 4*q. Let c(z) = -z + 1. Let x be c(q). Suppose -3*y - 9 = x, 6*i + 3*y = 3*i - 3. What is the units digit of i?
2
Let a be (-33)/(-15) + 2/(-10). Suppose 55 = 3*k + a*k. Let p = 21 - k. What is the tens digit of p?
1
Let l = 320 - 145. What is the hundreds digit of l?
1
Let c be -1 + 1 - (1 + 3). What is the units digit of (-2)/1 - (1 + c)?
1
Suppose 165 + 31 = 4*u. Suppose u = l + 5*q, -l + 1 + 30 = -4*q. What is the tens digit of l?
3
Suppose 4*l = 2*k + 3*k + 305, 4*l - 300 = 4*k. Let s = l + -49. What is the units digit of s?
1
What is the tens digit of 1 + 63/(-9)*21/(-1)?
4
Suppose -52 - 74 = -3*s - n, 0 = -s - 2*n + 37. What is the tens digit of s?
4
Suppose 312 = 20*u - 16*u. What is the units digit of 12/u + (-284)/(-13)?
2
Let l be (-8)/(-28) + (-74)/14. Let h = 20 + l. What is the tens digit of h?
1
Let b = -7 + 11. Suppose -1 = -z - 4*v + b, z + 2*v = 5. Suppose z*w + 16 = -o, -3*w = 2*o - 5*o + 24. What is the units digit of o?
4
Suppose -3*r = -4*r - 4. What is the units digit of (-50)/(-8) - (-1)/r?
6
Let j be 3 + (3 + -2 - 0). What is the units digit of 30/4*16/j?
0
Let n(d) = -d**3 + 4*d**2 - 3*d + 1. Let y be 18/4 - 3/(-6). Let o = y + -3. What is the units digit of n(o)?
3
Suppose 3*q = -3*b + 564, 3*b - 5*q - 599 = -q. Suppose -5*c = 53 - b. Suppose 3*w = c - 10. What is the units digit of w?
6
Suppose -4*w + 4*k + 91 = -53, 4*k - 78 = -2*w. What is the tens digit of w?
3
Suppose 6 + 24 = 2*u. Let r = 25 - u. What is the tens digit of r?
1
Let x = -1 + 5. Suppose 135 = x*u + u. Let d = u - 16. What is the units digit of d?
1
Let u(g) = g - 3. Suppose 3*n - 5*s - 37 = 0, 4*n - 3*s + 6*s - 1 = 0. What is the units digit of u(n)?
1
Let y be (-1)/(1/2) + 7. Suppose -y*p = 3*j - 3, -p + j + 9 = 2. Suppose p*b - 8 = -2. What is the units digit of b?
2
Let m(d) = d**3 + d**2 - 2*d + 101. What is the hundreds digit of m(0)?
1
Let d(j) = 1 - 9 - j**2 - 4 + 12*j. Let m be (-5)/20 + (-123)/(-12). What is the units digit of d(m)?
8
Let t(o) = 3*o**2 - 4*o - 8. What is the tens digit of t(6)?
7
Let v(c) = -c - 6. Let g(m) = 2*m + 6. Let b(j) = 3*g(j) + 4*v(j). Let t be b(4). Suppose 16 = t*i - 0*i. What is the units digit of i?
8
Suppose y - 18 = -3*s, 5*s = -3*y + 45 - 7. Suppose 0 = -2*t - 2*k - k + 34, t - y = 4*k. What is the units digit of t?
4
Let b(l) be the third derivative of l**5/60 - l**4/24 + 2*l**2. Let f be b(-1). Suppose -f*w - w = -12. What is the units digit of w?
4
Let m(k) be the second derivative of 1/4*k**5 + 0 + 0*k**3 - 1/12*k**4 + 1/2*k**2 - k. What is the units digit of m(1)?
5
Let s(i) = -i**3 + 19*i**2 + 49*i - 29. What is the tens digit of s(21)?
1
Let j = -3 - 0. Let n be 2/4 - j/2. Suppose -3*z - n*l + 8 = 2*z, 0 = -3*z - 4*l + 2. What is the units digit of z?
2
Let v be (-2 + 1)*1 + -2. Suppose -4*n = -n. Let j = n - v. What is the units digit of j?
3
Let q(g) = 3*g + 9. Let k be q(-4). What is the units digit of 1*k*(-4)/2?
6
Suppose 5*h - 4*c - 391 = 0, -3*h + 158 = 5*c - 47. Suppose 0*b - 5*b + h = 0. What is the units digit of b?
5
Let w(f) = -f**2 + 7*f + 14. Let g(t) = 2*t**2 - 13*t - 28. Let h(v) = 3*g(v) + 7*w(v). What is the units digit of h(11)?
3
What is the hundreds digit of (106/6)/(-4 - 100/(-24))?
1
Let d(l) be the first derivative of l**3/3 + 2*l**2 - 4*l - 8. What is the units digit of d(-5)?
1
Suppose 3*f + 15 = -24. Let u = 18 + f. Suppose 5*b + u*c - 30 = 0, 4*b = 3*c + 4 + 6. What is the units digit of b?
4
What is the units digit of (-1 + 2*(-4)/2)*-11?
5
Let a(v) = -2*v + 1. Let c be a(-3). What is the units digit of (4 + -2 - c)/(-1)?
5
Let o(i) = 98*i - 1. What is the tens digit of o(1)?
9
Let a = 11 + -21. Let z be 17 + -3 + 1 + -1. Let t = a + z. What is the units digit of t?
4
What is the units digit of -22*((-3)/1 - 5)?
6
Let w(q) be the first derivative of -q**2/2 - 7*q + 5. What is the units digit of w(-9)?
2
Let g(v) = -16*v + 35. Let a(f) = -3*f + 7. Let x be ((-2)/5)/((-1)/5). Let z(m) = x*g(m) - 11*a(m). What is the units digit of z(8)?
1
Suppose 5*n - 20 = -0*n. Suppose 4*g + 4*h + 848 = 0, n*g - 4*h + 1096 = -g. What is the tens digit of g/(-22) - (-6)/33?
1
Let a = -26 - -52. What is the tens digit of a?
2
Suppose -9*w + 4*w + 645 = 0. What is the tens digit of w?
2
Let z be -2 + -1 - (-5 - 2). Suppose 2*y - l - 37 = 0, z*l = -0*l + 20. What is the units digit of y?
1
Let z(c) = -c - 1. Let m(j) = -70*j - 60. Let h(p) = m(p) - 60*z(p). What is the tens digit of h(-1)?
1
Suppose -5*l + 95 = -0*l. Let g = 30 - l. What is the tens digit of g?
1
Suppose 3*o = -3*o + 144. What is the tens digit of o?
2
Suppose 4*b - 4 = -0*b. What is the units digit of b?
1
Let x(k) = -2*k + 1. Let u be x(1). Let n = 3 - u. What is the units digit of n?
4
Suppose -2*l = 2*b - 68, 5*b + 128 = 9*b - 4*l. What is the units digit of b?
3
Let j(u) = u - 1. Let v be j(4). Suppose -5*h + 2*h + 2*l + 64 = 0, v*l = 4*h - 85. What is the tens digit of h?
2
Let o(w) = w**2 + 8*w + 5. Let x(u) = u - 4. Let z be x(-4). What is the units digit of o(z)?
5
Suppose -50 = -0*u + 5*u. Let r = u + 26. What is the units digit of r?
6
Suppose 0*p + 450 = 5*p. Suppose -u - 4*u + p = 0. What is the tens digit of u?
1
What is the units digit of -26*(-4 - -2)/4?
3
Let j = -10 - -14. Let x(w) = -3*w + 5 - 2*w**2 + 3*w**2 + 1. What is the tens digit of x(j)?
1
Let h(z) = -z**3 - z**2 + z + 13. Suppose -24 + 9 = 3*u + 3*q, 4*q + 20 = -2*u. Let r be u/(0 + (-1 - 1)). What is the tens digit of h(r)?
1
Suppose 23*n = 12*n + 2387. What is the hundreds digit of n?
2
Let z(t) = -21*t**3 - 2. Let q(a) = 21*a**3 + a**2 + a + 2. Let v(u) = 2*q(u) + 3*z(u). Let m be v(2). What is the units digit of m/(-22) - (-6)/(-33)?
7
Suppose -5*u + 4*z = -30, 0 = -5*u - 2*z - 2*z - 10. Suppose -3*p + 45 = u*p. What is the units digit of p?
9
Suppose -o - 5 = 0, -3*o + 0*o - 63 = -2*v. Let z = -5 + v. Let x = z + -11. What is the units digit of x?
8
Let h(g) = g**2 + 5*g - 2. Let x be h(-5). Let o be (-30)/9 + x/(-6). What is the units digit of 4/3 - o/(-9)?
1
What is the tens digit of 1*30/(-5) + 256?
5
Let y be 0/4 + 0 + 0. Suppose 5*q + a = -12, 3*q + 2*a + 3*a + 16 = y. Let d = q + 3. What is the units digit of d?
1
Let d(u) = u**2 - 12*u - 6. Suppose 2*j = 5*l - 72, 0 = 5*l + 2*j - 87 + 19. What is the tens digit of d(l)?
2
Let c = 12 + -9. What is the units digit of c?
3
Let h(x) = 6*x**2 - 4*x - 26. What is the hundreds digit of h(6)?
1
Suppose -q - 2*j + j = -26, 4*q - 122 = 2*j. Suppose z + 0*z = 2*h + q, 4*h - 8 = 0. What is the tens digit of z?
3
Let b = 21 - -29. What is the units digit of (27/15)/(15/b)?
6
Let q be 2 - 3/((-6)/16). Suppose -4*x + 3 = -x, 4*x + q = j. What is the tens digit of 4/j - (-204)/21?
1
Suppose 55 = 3*f + 2*f. Suppose 4*u - f = 2*v + 21, 5*v + 26 = 4*u. Suppose m + m = -3*s + 6, 3*m + s - u = 0. What is the units digit of m?
3
Let c(i) = i**3 + 7*i**2 - i - 1. Suppose 2*j = -3*a - 19, 3*a + 3*j + 13 = -5. What is the units digit of c(a)?
6
Let a(i) = 2*i + 2. What is the units digit of a(0)?
2
Suppose 9*h - 55 = 4*h. Suppose -5 = 3*m - h. What is the units digit of m?
2
Let v be (-6)/(-9) + (-76)/(-3). Let x = -19 + v. What is the units digit of x?
7
Let w(z) = z**3 - 7*z**2 + 6*z - 2. Let u be w(7). What is the units digit of (-131)/(-5) - 8/u?
6
Suppose y + 2*r - 39 = -r, -5*r = -25. What is the tens digit of